alculate the remainder when p(-12) is divided by 5.
2
Let g = 168 + -118. What is the remainder when g is divided by 26?
24
Let a(z) = -z + 2. Let u be a(-4). Let c be 2*(75/u)/5. Suppose -k + 5 = 0, -c*f = -10*f - 4*k + 40. Calculate the remainder when 11 is divided by f.
3
Let g = -250 + 351. What is the remainder when g is divided by 21?
17
Let z = -29 + 45. Calculate the remainder when ((-62)/8)/(2/(-8)) is divided by z.
15
Let y(s) = -2 + 0 + 2 + s. Let c = 3 + -1. Calculate the remainder when y(5) is divided by c.
1
What is the remainder when 4 is divided by ((-16)/(-40) + 44/(-10))*-1?
0
Let x(c) = -2*c**3 + 2*c - 3. Let g be x(2). Let m = -5 - g. Suppose 0 = 4*t - 4*q - 96, -3*t + 6*q + 68 = 2*q. Calculate the remainder when t is divided by m.
8
Calculate the remainder when (-10)/20*(-3)/((-3)/(-122)) is divided by 31.
30
Calculate the remainder when 4 - 1/(1/(-24)) is divided by (-2)/1 - -11 - -1.
8
Suppose -d - c = -3*d + 14, 5*c = -2*d + 26. Calculate the remainder when 27 is divided by d.
3
Suppose -5*i = -4 - 26. What is the remainder when 29 is divided by (8/i)/((-4)/(-30))?
9
Suppose 4*q = -2*l + q + 9, -2*q + 12 = 2*l. Calculate the remainder when 35 is divided by l.
8
Let d(a) = -a**2 + 12*a - 7. What is the remainder when 89 is divided by d(10)?
11
Let c(x) = x**2 + 10. Suppose -4*s + 3*s + 49 = 0. Calculate the remainder when s is divided by c(0).
9
Suppose -3*k = -23 - 40. Suppose p + 6 = k. Calculate the remainder when 28 is divided by p.
13
Let y = -17 + 16. Let f(z) = -49*z**3 + 1. What is the remainder when f(y) is divided by 13?
11
Calculate the remainder when 153/5 + 12/(-20) is divided by 16.
14
Suppose 2*x + 12 = 3*c - 39, c = 5*x + 30. What is the remainder when 29 is divided by c?
14
Let f be -352 + 5/(15/(-6)). What is the remainder when f/(-14) + (-2)/7 is divided by 13?
12
Let d = 47 - 24. Calculate the remainder when 42 is divided by d.
19
Let c(x) = x**3 + 7*x**2 - 3*x - 3. Let f(q) = -q**3 + 9*q**2 - 12*q. What is the remainder when c(-6) is divided by f(7)?
9
Suppose 0 = -2*n - 5*p + 41, -2*n + 5*p = n - 24. What is the remainder when n is divided by 6?
1
Let m(j) = j - 1. Let n(x) = 2*x + 4. Let l(a) = 1. Let d(w) = 12*l(w) - n(w). Let c(v) = d(v) + m(v). Calculate the remainder when c(-7) is divided by 8.
6
Let d = -23 + 137. Calculate the remainder when d is divided by 30.
24
Suppose -4*i + 13 = -5*s - 4, 0 = -3*i - 3*s - 21. Let p(g) = -6*g - 3. Let q(m) = -m + 17. What is the remainder when q(0) is divided by p(i)?
8
Let s(x) = x**2 - 4*x - 4. Let a be s(5). Let d be -5*a*3/(-5). Suppose d*i + 3*f = 105, 6*i - 4*i + f = 66. Calculate the remainder when i is divided by 16.
15
Let o(n) = -n**3 + 6*n**2 + 9*n - 2. Let m be o(7). Suppose -7*a + 3*a = -m. What is the remainder when 3 is divided by a?
0
Let n = -35 - -87. What is the remainder when n is divided by 18?
16
Suppose 5*q + 12 = 3*x, x + 2*x = 4*q + 12. Suppose x*k - 23 = 85. What is the remainder when 107 is divided by k?
26
Calculate the remainder when 37 is divided by 10 - (3*-2)/2.
11
Suppose -3 + 2 = -t. Suppose -3*x + 6 = -x. Calculate the remainder when x is divided by t.
0
Suppose -3*x + 173 = z - 0*x, -5*x + 523 = 3*z. What is the remainder when z is divided by 59?
58
Let g(o) = -o**2 + 7*o - 6. Let f be g(6). Let s be 16 + f + 2 + -1. Suppose 5*n - s - 10 = 2*u, 10 = 2*n - u. What is the remainder when 20 is divided by n?
6
Let l(c) = 4*c - 3. Suppose -v + 0*m = -4*m - 35, 5*m = 4*v - 140. Calculate the remainder when v is divided by l(3).
8
Suppose -w - 14 = -i, 4*i = -w - 15 + 46. What is the remainder when 16 is divided by i?
7
Suppose -x = 4*g - 29, 4*g + 3*x - 50 + 19 = 0. Let q(f) = f**3 - 6*f**2 - 6*f - 5. Calculate the remainder when 6 is divided by q(g).
0
Let f be (4 - 3 - 0) + 3. What is the remainder when 96/f - (2 + -5) is divided by 188/28 - 2/(-7)?
6
Let k(w) = w**3 - 10*w**2 + 10*w + 13. What is the remainder when k(9) is divided by 2/(3/54*3)?
10
What is the remainder when 6/8 - (-123)/12 is divided by ((-7)/6)/(1/(-6))?
4
Suppose 0 = -2*w - 3*b + 22, -3 + 36 = w - 4*b. Calculate the remainder when 186 is divided by w.
16
Suppose h = -h + 166. What is the remainder when h is divided by ((-6)/2 - -27) + -3?
20
Suppose 0*b - b = -12. Let h be (1/(-1))/(1/b). Calculate the remainder when 15 is divided by (1 - -11)*(-8)/h.
7
Let x(a) = a + 2. Let p be x(-2). Suppose p = -5*v + 37 + 33. What is the remainder when v is divided by 8?
6
Let o = -1 - -54. Calculate the remainder when o is divided by 14.
11
Suppose -3*v - z + 16 = 0, v + v + 5*z = 15. What is the remainder when 16 is divided by v?
1
Let b = -23 + 14. Calculate the remainder when 123/b*-3*1 is divided by 14.
13
Suppose 5*y = 5*f - 2*f + 28, -y - 4*f + 1 = 0. Calculate the remainder when y is divided by 2.
1
Suppose 5*z - 189 - 156 = 0. Calculate the remainder when z is divided by 24.
21
Suppose 0 = -2*o - 4*h + 26, 5*o - 16 = -h + 94. Let g be (1*2)/((-5)/(-20)). Calculate the remainder when o is divided by 62/g - (-9)/36.
7
What is the remainder when (-1 - (-1)/(-5))/(4/(-110)) is divided by 17?
16
Let t = -9 - 58. Let n = 99 + t. Suppose 0 = -3*u - u + n. What is the remainder when 22 is divided by u?
6
Let y(z) = -z**3 - 4*z**2 - 5*z - 6. Let i be (26/(-8) - -2)*4. What is the remainder when y(i) is divided by 15?
14
Let a(y) = -y**3 - 4*y**2 + 3*y - 4. Let j be -4 - 2*(-1)/(-2). Let x be a(j). Calculate the remainder when 9 is divided by 30/4*4/x.
4
Let d(m) = -m - 3. Let u be d(-8). Suppose 8 = u*w - 67. Suppose 2*t + 215 = 4*j + j, 0 = 3*j + 2*t - 129. Calculate the remainder when j is divided by w.
13
Suppose 3*b - 2*j = -74, -6*b - 3*j = -2*b + 127. Suppose -2*y + 8 = -t, -1 = -y + 1. Calculate the remainder when 13 is divided by (-232)/b + t/14.
5
Let x be ((-2)/(-1))/(2 - 4). Calculate the remainder when (-13)/((2 + -1)*x) is divided by 7.
6
Suppose -5*p = 16 - 56. Calculate the remainder when (-115)/23*(-52)/10 is divided by 70/p - 2/(-8).
8
Let o = 143 + -78. Suppose -3*m - 2*m = 0, -2*d - 2*m + 34 = 0. Calculate the remainder when o is divided by d.
14
Calculate the remainder when 25 is divided by (-22)/(-44)*26/1.
12
Suppose 0 = b - 4*u - 28, -31 = -2*b + 12*u - 9*u. Let a be (-2)/10 - (-19)/(-5). What is the remainder when b is divided by 0 + 2 + (-1 - a)?
3
Let l(t) = -t**3 - 6*t**2 - t - 1. Let j be l(-6). Calculate the remainder when j/(15/72)*1 is divided by 7.
3
Suppose 2*m - 7 = 3. Calculate the remainder when m is divided by 3.
2
Let t = 64 + 0. Calculate the remainder when t is divided by 19.
7
Suppose -3*z = -8*z + 25. Suppose -z*t + 101 = -3*t - 5*i, t = 2*i + 49. What is the remainder when t is divided by (-15)/(-2)*(3 - 1)?
13
Let f(r) = -3*r - 26. Let o(a) = -4*a - 5. Calculate the remainder when o(-4) is divided by f(-11).
4
Let k(v) = 40*v**3 + v**2 + 2*v + 1. Let b be k(-1). Let x be (-36)/(-30)*b/(-3). Let g = x - 9. Calculate the remainder when g is divided by 4.
3
Let b = 63 + -33. Suppose -b = -0*f - 5*f. Suppose 85 = 5*z - 0. What is the remainder when z is divided by f?
5
Let r(k) = -2*k**3 - 2*k**2 + 4*k + 1. Suppose -107 = -9*t + 325. Calculate the remainder when t is divided by r(-3).
23
Let i = -16 + 30. Calculate the remainder when i is divided by 8.
6
Suppose 30 = 3*g - 27. What is the remainder when g is divided by 7?
5
Suppose 40 + 100 = 4*z. What is the remainder when z is divided by 12?
11
Let x(h) = 17*h + 1. Calculate the remainder when x(2) is divided by 12.
11
Calculate the remainder when 53 + (-1 - (-3 + 0)) is divided by 19.
17
Let p = 24 + -14. Let n(a) = 2*a**2 - a. Let m be n(-1). Suppose 0 = 4*j - 2*v - 22, 3 = -m*v - 6. Calculate the remainder when p is divided by j.
2
Let p = -205 + 304. Let k = -57 + p. Suppose -4*b = -34 - k. Calculate the remainder when 55 is divided by b.
17
Suppose 4*s - s - 57 = 0. What is the remainder when s is divided by 11?
8
Let t = -26 + 53. Calculate the remainder when t is divided by 7.
6
Suppose -16 = -2*b - 6. Suppose -b*o = 5*c - 35, -18 = -2*o - c - 9. Suppose -3*x - o*x + 75 = 0. What is the remainder when 29 is divided by x?
14
Suppose i + 5*u = 2, 3*u = -2*i - 5 + 23. What is the remainder when 1/6 + (-1614)/(-36) is divided by i?
9
Suppose -2*c - 8 = 2*c. Let p = 